pose 52*n = -933 + 49. What is z(n)?
15
Let q(r) = -30*r**3 + 12*r**2 - 16*r + 1. Let o(p) = -16*p**3 + 7*p**2 - 9*p + 1. Let i(b) = -7*o(b) + 4*q(b). Give i(-2).
59
Let g(o) be the first derivative of -o**3 + 89*o**2/2 + 37*o + 7854. What is g(30)?
7
Suppose 0*a - 4 = -2*a. Suppose 3*z - a*z = -7. Let d(f) = -66 + 289 + 4*f - 71 - 74 + f**3 + 9*f**2 - 72 - 2*f**2. Calculate d(z).
-22
Let l be 1*-2 - (3 - 2). Let n(x) be the third derivative of x**6/120 + x**5/30 + x**4/24 + x**3/3 - 1173*x**2. What is n(l)?
-10
Let s(w) = -41*w**2 + 4*w - 4. Let y = 1427 - 1426. Give s(y).
-41
Let x(a) = -a**2 + 12*a - 28. Let l be x(9). Let u(h) = -47*h**2 + 61*h + 1 - 59*h + 22*h**2. What is u(l)?
-26
Let y(n) = -n**2 + 13*n + 52. Let r be y(16). Let s(g) = -118*g - g**2 + 231*g + r - 116*g. Calculate s(-4).
0
Let h(n) = 7*n - 6 - 3*n - 2*n. Let k be (-2)/(-4) + 33/6. Suppose -2*f = -16 + k. Give h(f).
4
Let m(l) = -17*l**3 + 66*l**2 - 12*l - 26. Let i(y) = -11*y**3 + 42*y**2 - 8*y - 17. Let r(z) = 14*i(z) - 9*m(z). What is r(-7)?
73
Let d(i) = 11 - 10 + 6 + 3*i. Let n be 6/10*-9 + 22/(2750/(-75)). Calculate d(n).
-11
Let s(n) = n. Let c be s(4). Suppose 3*b + 18 = c*a, a - 2*b = -a + 8. Let g(v) = a*v**3 - 13*v**3 - 4*v - 1 + 2*v + 3*v. Determine g(1).
-7
Let q(k) = k + 2. Let l(i) = i**2 + 4. Suppose 38*o + 5*n - 10 = 33*o, o + 7 = 2*n. Let j(a) = o*l(a) + 4*q(a). Let s be -1*(0 + 2) - -8. What is j(s)?
-8
Let q(m) = -m**2 + 11*m + 14. Let g(o) = -o**2 + 10*o + 12. Suppose -5*n + 150 = 170. Let i(u) = n*q(u) + 5*g(u). Determine i(6).
4
Let h(p) be the second derivative of 9*p**5/10 - p**4/6 - 5*p**3/6 - 3*p**2/2 - 1257*p. Give h(-1).
-18
Let z(p) = -35*p**3 + 3*p**2 - 13*p + 89. Let g(m) = 8*m**3 - m**2 + 3*m - 21. Let b(w) = 9*g(w) + 2*z(w). Calculate b(3).
19
Let q(z) = -3*z**2 - z + 26. Let i(h) = -4*h**2 - 2*h + 26. Let j(y) = 2*i(y) - 3*q(y). Let n(l) be the first derivative of j(l). Give n(-1).
-3
Let c(m) = 8*m + 1. Let h(z) = -z**2 + 31*z + 67. Suppose -13*y = -560 + 131. Let j be h(y). What is c(j)?
9
Let j(a) be the first derivative of -9*a**2/2 + 116*a - 4962. Determine j(11).
17
Let g(q) = 4*q + 6. Let l(y) = y**2 + 6*y - 7. Let n be l(-7). Suppose -20 = -5*a + 5*i, -2*a + n*i + 5 = i. Suppose -a*u = -2*u + 5. Calculate g(u).
-14
Let o(y) be the second derivative of -y**3/3 - 5*y**2/2 + y. Suppose 25*z = 22*z + 951. Suppose -z*t = -315*t + 12. Give o(t).
7
Let u(b) = -b**2 + 4*b + 9. Let i be (-2)/6*((-418)/(-38) - 26). What is u(i)?
4
Let p(z) = -26 + 3065547*z - 61 - 3065576*z. What is p(-3)?
0
Let w(o) = -o - 15. Let f be w(-14). Let a be 4*((f - (-113)/4) + 2). Let p(m) = 3*m**2 - 4*m**2 + a - 117. Determine p(0).
0
Let y be -2 + (25 - 24) + 8/2. Let q(a) = a**3 + 6*a**2 + 2*a + 3. Let o(p) = p**3 + 8*p**2 + 2*p + 3. Let l(r) = 5*o(r) - 6*q(r). Give l(y).
0
Let a be 50*(-5)/15*(-168)/70. Suppose 2*x + 2*d = -3*d - 6, 4*x - a = 3*d. Let v(t) = -t - t - 2 - t. Calculate v(x).
-23
Let t(u) be the third derivative of u**6/120 - 2*u**5/15 - u**4/4 + u**3/3 - 6*u**2 + 419*u. Determine t(8).
-46
Let k(a) be the second derivative of -2*a - 5/2*a**2 + 1/6*a**3 - 136 + 1/3*a**4 - 1/20*a**5. Determine k(5).
-25
Let m be -8*(-11)/88 - 7*(3 + -4). Let k(h) be the first derivative of -19 - 2*h**2 - 1/4*h**4 + m*h + 2*h**3. Give k(6).
-16
Let w be 92*(2 - (-3 + 4)). Let f be (-4 - 69/(-18)) + w/(-24). Let u(y) = 5*y**2 - 3*y - 3. Let k(r) = 4*r**2 - 3*r - 3. Let h(p) = 6*k(p) - 5*u(p). Give h(f).
-7
Let w(a) = -6*a - 73. Let u(g) = 10*g**3 + 151*g**2 + 156*g + 15. Let m be u(-14). Determine w(m).
5
Let y(a) = -5 - 5*a - 55 + 50 + 15 + a**2. Let m(x) = x**2 - 3*x - 4. Let g be m(5). What is y(g)?
11
Let h(k) = k**3 - 7*k**2 + 6*k + 14. Let y be h(6). Let i = -10 + y. Suppose 0 = 2*v + 3*v - i*b + 3, b - 2 = 0. Let c(p) = -3*p**3 - 1. Determine c(v).
-4
Let z(w) be the second derivative of w**4/12 + 2*w**3 + 7*w**2 - 12*w + 1. Suppose 0 = -0*n + 3*n + 33. Calculate z(n).
3
Let u(a) be the second derivative of a**5/20 + 2*a**4/3 - a**3/6 - 5*a**2/2 + 4*a + 4. Let g = -42 - -44. Let c = g + -10. What is u(c)?
3
Let w(k) = 3*k**2 - k + 4. Let h(v) = 28*v**2 - 9*v + 35. Let o(j) = -2*h(j) + 19*w(j). Calculate o(0).
6
Let y(r) = 11*r**2 + 5*r + 2. Let j(a) = 55*a**2 + 25*a + 13. Suppose 3*h - 67*p + 69*p + 16 = 0, 14 = -2*h - 2*p. Let n(d) = h*j(d) + 11*y(d). Determine n(1).
12
Let f = 983 - 977. Let q(x) = x**3 + 8*x**2 + 9. Let h(y) = y**3 + y**2 + y**3 + y - y**3. Let w(c) = -2*h(c) + q(c). What is w(f)?
-3
Let k(g) = 3*g - 21. Let z(p) be the second derivative of p**5/20 + 3*p**4/2 - 17*p**3/6 + 22*p**2 + 57*p. Let y be z(-19). Determine k(y).
-3
Let f(m) = -10*m - 12. Suppose -4*t + 33 = 3*a - 4*a, -t = 4*a + 30. Calculate f(a).
78
Suppose -14*y + 300 = 11*y. Let t(s) = -1 - 3*s**2 - y*s**2 + 6*s**2. Calculate t(1).
-10
Let w(i) = -i**3 + 7*i**2 - 4. Suppose 4*q + 25 = 5*f - 107, 2*f + 3*q = 39. Suppose 44*t = 50*t - f. Calculate w(t).
44
Let d = -20 + 21. Let s(k) = -k + 15. Let n(o) = 2*o + 1. Let f(j) = d*n(j) - s(j). Calculate f(6).
4
Let i(s) = -5*s - 3. Let z(b) = b**2 + 2*b. Let m(a) = -3*a**2 - 42*a - 65. Let o(f) = -m(f) - 2*z(f). Let u be o(-36). Give i(u).
32
Suppose 0 = -5*a - 3 - 17. Let m be (-2)/2 - (-2 + 7 + a). Let d(y) = 12 - y**2 + 2*y + y**3 + 6*y**2 - 11. Determine d(m).
9
Let g be 3 - (-3 + -3 + 6). Let x(n) = -2*n**2 + 7 - 4 + 7*n**3 - g*n**2 - 8*n**3. Determine x(-5).
3
Let t(j) = j**2 + 11*j - 74. Let y be t(6). Suppose 2*u = -2*u + 8. Let v(g) = -y*g + u + 78*g - 24*g - 20*g. What is v(3)?
20
Let a(w) = -w**3 + 5*w**2 + 6*w - 7. Suppose 11*q - 373 + 318 = 0. Determine a(q).
23
Let y(a) = 20*a + 2. Let t(b) = -121*b + 16. Let u(o) = -t(o) - 6*y(o). Calculate u(-2).
-30
Suppose -z + 2*k = -16, -3*z + 59 = 2*z - 3*k. Suppose 0 = -2*j + z*j - 32. Let d(f) = -2*f + 1. Give d(j).
-7
Let u be 18/(-10) - (-84)/(-70). Suppose 12 = 4*i - 16. Let d(n) = -1 + 4*n - i*n - n. Calculate d(u).
11
Let a(k) = 2*k**2 + 9*k + 5. Let m(s) = -s**2 - 15*s + 27. Let r be m(-17). Give a(r).
40
Let l(j) = 33 - 26*j**3 + 0*j**2 - 10*j + 186*j**3 + 5*j**2 - 161*j**3. Determine l(4).
9
Let o = -17 - -14. Let q be -3 + (-1)/(o/27). Let b(a) = -426*a + 213*a - 3 + 214*a. Determine b(q).
3
Let h = -24 + 24. Let g(i) = 5*i**3 + i**2 + 5*i + 15. Let v(k) = 3*k**3 + k**2 + 3*k + 14. Let q(y) = -2*g(y) + 3*v(y). What is q(h)?
12
Let p(c) = 2*c**3 - 4*c**2 - 2*c + 4. Let u(k) = -13*k - 73. Let x be u(-6). Suppose -4*h = -3*m + 17, -6*m + x*h - 2 = -10*m. What is p(m)?
16
Suppose 1098 = 9*u + 1116. Let l(k) = 17*k + 6. Determine l(u).
-28
Let z(s) be the third derivative of -s**6/60 - s**5/12 + s**4/6 + s**3/2 + s**2 + 58*s. Determine z(-4).
35
Let o(k) = 34632*k**2 + 1 - 34622*k**2 - 68*k**3 + 69*k**3 - 6*k. Determine o(-10).
61
Suppose -8 = -y - 3, 4*z = -3*y + 23. Let m(s) = 563*s**2 - 559*s**z + s + 76 - 76. Let r(t) = -t**2 + 2*t + 2. Let x be r(3). Calculate m(x).
3
Let t be 18/(-1) - (98 - 110). Let o(d) = 15*d + 55. Give o(t).
-35
Let s(h) be the third derivative of -11*h**6/20 + h**5/30 - h**4/24 - h**3/2 + 47*h**2 + 5*h. What is s(-1)?
66
Suppose 3*q - 3 = g - 1, 2*q = -5*g + 7. Let y(s) = 24*s - q - 23*s - 2. Suppose 3*p - 5 = 7. Determine y(p).
1
Let f(k) = -7*k + 42. Let n be f(6). Let c(j) = 6*j + 5 - 8*j - j**2 - 3 + j. Calculate c(n).
2
Let i(d) = -36*d**3 - 17*d**2 + 7*d - 13. Let t(p) = 119*p**3 + 50*p**2 - 21*p + 39. Let x(a) = 10*i(a) + 3*t(a). Calculate x(-7).
-13
Let u(d) be the third derivative of 7*d**6/120 + d**5/15 - 13*d**4/24 - 5*d**3/2 + 3064*d**2. Give u(-1).
-5
Let z(o) = -4 + 1942*o - 1915*o + 0 - 11. Give z(-4).
-123
Suppose -5*n + 3*n = -4*h + 12, -2*n = 2*h. Let f(y) = y**2 + 1. Let z(l) = 5*l**2 - l + 5. Suppose -11*s - 4 = -15*s. Let r(a) = s*z(a) - 3*f(a). Give r(h).
8
Suppose p + 3*w = 2*p - 7, -2*w = 4. Let g(f) = 93*f**3 - 8*f**2 - 5*f - 20. Let o(u) = 44*u**3 - 3*u**2 - 2*u - 8. Let d(k) = 2*g(k) - 5*o(k). What is d(p)?
-35
Suppose -105*c - 1 = a - 101*c, -2 = a + 5*c. Let n(b) be the third derivative of b**5/60 - b**4/6 - b**3/3 - 2*b**2. Determine n(a).
-5
Let u(j) be the first derivative of -j**5/20 + j**4/4 + j**3/3 - 5*j**2/2 - 63*j - 72. Let n(t) be the first derivative of u(t). What is n(4)?
-13
Let b be 2/(-14) - 